4*t + 23058. Determine j(6).
-6
Let u(z) = -z**3 - 3*z**2 + 13*z + 111. What is u(0)?
111
Let h(a) = 2*a**3 + 21*a**2 + 10*a - 1. Give h(-10).
-1
Let d(z) = z**3 - 16*z**2 + 2*z + 12. Determine d(6).
-336
Let h(n) = 69*n + 594. Give h(-8).
42
Let u(z) = -23*z + 124. Calculate u(5).
9
Let h(j) = -6*j**2 + 11*j + 4. Calculate h(2).
2
Let f(r) = -2*r**3 + 7*r**2 - 11*r - 5. Determine f(3).
-29
Let p(t) = -2162*t + 4312. Determine p(2).
-12
Let y(w) = w**3 - 29*w**2 + 35*w - 174. Determine y(28).
22
Let w(d) = -2*d**2 + 4142*d + 12448. What is w(-3)?
4
Let t(h) = 15*h**2 - h + 26. Determine t(-3).
164
Let y(m) = -3*m**2 + 12*m + 101. Calculate y(9).
-34
Let j(r) = -106*r - 744. Determine j(-7).
-2
Let y(t) = -39*t - 3628. Determine y(-93).
-1
Let g(r) = 87*r - 858. Determine g(10).
12
Let k(z) = 240*z - 14258. Calculate k(59).
-98
Let n(i) = 13*i**2 + 742*i + 7443. What is n(-13)?
-6
Let h(p) = 15*p**2 + 12*p + 77. Give h(-5).
392
Let x(q) = 363*q + 20697. Give x(-57).
6
Let f(o) = o**3 + 30*o**2 + 150*o - 513. Give f(-22).
59
Let w(z) = -z**3 + 7*z**2 + 62*z - 15. Give w(12).
9
Let b(j) = -84*j - 2373. Give b(-28).
-21
Let q(h) = -h**2 - 20*h + 117. Calculate q(5).
-8
Let p(j) = -j**3 + 17*j**2 - 107*j + 291. What is p(8)?
11
Let f(d) = -3*d**2 - 2*d + 21. Determine f(0).
21
Let h(v) = v**3 + 4*v**2 - 82*v - 32. Give h(-11).
23
Let g(o) = o**3 + 32*o**2 + 4*o + 148. Determine g(-32).
20
Let q(b) = b**3 + 52*b**2 + 56*b + 259. Determine q(-51).
4
Let j(s) = -29*s**3 - s**2 - 7*s + 8. Calculate j(1).
-29
Let q(h) = -3*h + 584. What is q(0)?
584
Let r(p) = -171*p + 36936. What is r(216)?
0
Let a(i) = 242*i - 413. Calculate a(0).
-413
Let t(v) = -v**3 - 4*v**2 - 17*v - 11. Give t(-7).
255
Let j(u) = -u**2 + 122*u + 7530. What is j(-45)?
15
Let c(p) = -p**2 - 11*p - 94. Calculate c(-15).
-154
Let i(k) = 50*k + 3818. What is i(-76)?
18
Let g(h) = h**3 + 267*h**2 + 1322*h + 67. Determine g(-5).
7
Let g(v) = 18*v + 178. Calculate g(-21).
-200
Let j(h) = -h**3 - 56*h**2 + 54*h - 139. Determine j(-57).
32
Let m(k) = 5*k**2 + 152*k + 262. Give m(-28).
-74
Let r(n) = n**3 - 9*n**2 - 40*n + 392. What is r(8)?
8
Let r(w) = 40*w + 3245. Calculate r(-81).
5
Let u(i) = i**3 + i**2 - 18*i - 24. Calculate u(5).
36
Let o(q) = -6*q**2 - 361*q + 221. Determine o(-61).
-84
Let v(f) = 2*f**2 - 13*f - 2829. Calculate v(41).
0
Let l(a) = -124*a - 2472. Calculate l(-20).
8
Let z(s) = -5*s**3 - 543*s**2 + 219*s + 120. Calculate z(-109).
11
Let z(x) = -13*x + 101. Calculate z(9).
-16
Let d(p) = p**2 - 33*p + 3. Determine d(10).
-227
Let r(p) = p**3 + 16*p**2 + 11*p + 37. Give r(-15).
97
Let c(u) = 755*u - 16. Give c(-1).
-771
Let z(f) = 50*f - 18. What is z(3)?
132
Let y(z) = 6762*z - 40585. Calculate y(6).
-13
Let a(u) = 13*u**2 - 51*u + 302. Give a(7).
582
Let p(j) = 12*j**2 + 1309*j + 63. What is p(-109)?
-46
Let i(c) = 2*c**3 - 3*c**2 - 42*c - 5. Give i(-5).
-120
Let c(m) = 34*m**3 - 35*m**2 + 30*m + 5. Give c(1).
34
Let v(q) = 19*q - 21. Give v(-7).
-154
Let b(w) = -1340*w + 4008. What is b(3)?
-12
Let o(a) = 2*a**3 + 74*a - 429. Calculate o(4).
-5
Let w(s) = -s**3 - 84*s**2 - 538*s + 58. Determine w(-77).
-19
Let d(p) = 93*p**2 + 370*p - 5. Calculate d(-4).
3
Let r(k) = 22*k - 555. What is r(24)?
-27
Let v(x) = x**2 + 24*x - 66. Calculate v(-25).
-41
Let j(h) = h**3 - 16*h**2 + h + 21. Give j(16).
37
Let j(g) = g**2 + 8*g - 219. What is j(-17)?
-66
Let t(z) = -2*z - 8. What is t(-9)?
10
Let s(v) = -4*v + 47. What is s(15)?
-13
Let j(f) = -790*f - 5473. Calculate j(-7).
57
Let g(l) = 36*l - 195. Determine g(-9).
-519
Let i(s) = -6*s**2 - 80*s - 27. Calculate i(-13).
-1
Let i(y) = 44*y + 44. Determine i(-2).
-44
Let g(f) = 170*f + 504. Give g(-3).
-6
Let c(z) = -z**3 + 20*z**2 + 53*z + 15. Calculate c(23).
-353
Let y(k) = -5699*k - 85465. Calculate y(-15).
20
Let j(p) = -462*p - 140. What is j(0)?
-140
Let p(i) = 3*i**3 + 9*i**2 - 24*i + 57. Determine p(-5).
27
Let r(j) = 2*j - 60. Give r(3).
-54
Let w(g) = g**3 - 2*g**2 - 67*g - 4. Determine w(9).
-40
Let d(h) = -h**2 + 108*h - 2762. Determine d(66).
10
Let y(m) = -6*m - 113. Determine y(-31).
73
Let x(f) = 7*f**2 - 58*f - 103. Determine x(9).
-58
Let x(u) = 158*u - 951. What is x(6)?
-3
Let k(p) = -p**3 + 2*p**2 - 124*p + 523. What is k(4)?
-5
Let x(i) = -i**3 - 12*i**2 - 30*i - 5. What is x(-5)?
-30
Let x(v) = -407*v + 10170. Calculate x(25).
-5
Let a(d) = 67*d - 907. Calculate a(19).
366
Let o(m) = -2*m**3 + 6*m**2 - 1609*m + 6446. Give o(4).
-22
Let m(w) = 731*w - 2017. Give m(3).
176
Let i(l) = -l**2 + 16*l + 26. Determine i(17).
9
Let i(o) = -o**3 - 42*o**2 + 42*o - 42. Calculate i(-43).
1
Let d(b) = b**3 + 89*b**2 + 96*b + 879. Give d(-88).
175
Let v(i) = 26*i**2 - 32*i - 1. Give v(-6).
1127
Let j(q) = -41*q**3 - 3*q**2 + 2*q. What is j(1)?
-42
Let t(q) = -4*q**2 + 112*q - 61. Give t(29).
-177
Let a(z) = -z**3 + 227*z**2 - 229*z + 689. Calculate a(226).
11
Let r(u) = u**2 + 153*u + 4790. Give r(-109).
-6
Let k(a) = -2*a**3 + 13*a**2 - 10*a + 274. Give k(8).
2
Let c(g) = g**3 - 53*g**2 - 154*g - 752. What is c(56)?
32
Let r(i) = -251*i - 1752. Determine r(-7).
5
Let u(c) = 19*c**2 - 442*c + 137. What is u(23)?
22
Let q(g) = -2*g**3 + 3*g**2 - 5. Calculate q(1).
-4
Let k(x) = 16*x**2 + 288*x - 7. Determine k(-18).
-7
Let o(g) = 59*g + 118. What is o(-3)?
-59
Let h(j) = 51*j + 97. What is h(-2)?
-5
Let w(s) = 8*s + 75. What is w(-5)?
35
Let s(i) = 29*i + 107. Calculate s(-6).
-67
Let g(q) = 34*q + 104. Determine g(-9).
-202
Let m(z) = -2*z**2 + 9*z - 76. Determine m(6).
-94
Let u(j) = 4*j**2 - 172*j + 37. What is u(43)?
37
Let z(i) = 27*i + 21. Calculate z(2).
75
Let p(b) = -3*b**3 - b**2 - 6*b + 13. Give p(2).
-27
Let d(r) = 98*r + 114. Give d(-1).
16
Let w(s) = -s**3 + 22*s**2 - 46*s - 924. Give w(14).
0
Let h(w) = -3*w**3 - 32*w**2 + 6*w - 94. Calculate h(-11).
-39
Let r(j) = -j**2 - 11*j - 274. What is r(-14)?
-316
Let v(j) = j**2 - j - 69. Give v(0).
-69
Let z(p) = -651*p - 26656. Give z(-41).
35
Let w(s) = -716*s + 988. What is w(1)?
272
Let c(x) = 3*x**2 - 80*x + 186. Give c(21).
-171
Let z(f) = -f + 32. Calculate z(-11).
43
Let p(d) = 6*d**2 + 199*d - 157. Give p(-34).
13
Let h(g) = -g**3 + 13*g**2 - 13*g + 11. Give h(13).
-158
Let d(y) = -4*y + 163. Give d(15).
103
Let i(f) = -268*f + 6429. Determine i(24).
-3
Let u(g) = g**2 - 20*g - 573. Give u(35).
-48
Let l(v) = -2*v**2 - 980*v + 2965. Determine l(3).
7
Let d(y) = -11*y**2 - 332*y + 682. Give d(2).
-26
Let a(o) = 85*o - 1090. Calculate a(12).
-70
Let h(t) = 38*t + 720. Calculate h(-9).
378
Let h(r) = -r**3 - 25*r**2 - 103*r + 3. Determine h(-6).
-63
Let a(v) = -v**3 + 55*v**2 - 536*v + 830. Determine a(43).
-30
Let z(f) = 1364*f - 6807. Give z(5).
13
Let o(l) = -l**2 + 45*l - 268. Calculate o(39).
-34
Let f(h) = 397*h + 202477. What is f(-510)?
7
Let d(g) = -6*g**2 - 63*g + 127. Give d(2).
-23
Let z(v) = -980*v + 31356. Give z(32).
-4
Let v(b) = -79*b - 11. Give v(-1).
68
Let f(q) = q**2 + 148*q + 1774. Determine f(-13).
19
Let o(v) = 2*v**3 - 11*v**2 + 2*v - 66. Calculate o(6).
-18
Let t(i) = i**3 - 3*i**2 - 17*i + 1. Give t(6).
7
Let l(m) = 5*m**2 - 72*m + 11. What is l(15)?
56
Let o(k) = -13*k + 224. What is o(17)?
3
Let n(k) = 2*k**2 - 52*k + 288. What is n(19)?
22
Let f(b) = -2*b**2 - 81*b - 514. Determine f(-6).
-100
Let n(g) = g**3 + 21*g**2 - 75*g - 41. Calculate n(-24).
31
Let q(b) = -49*b + 451. Calculate q(8).
59
Let d(x) = -x**2 + 511*x + 6242. Calculate d(-12).
-34
Let z(n) = n**3 + 35*n**2 + 199*n + 85. Give z(-28).
1
Let x(q) = 146*q + 16. Give x(-1).
-130
Let s(t) = t**3 - 64*t**2 + 121*t + 184. Determine s(62).
-2
Let b(f) = f**3 - 8*f**2 + f + 42. Calculate b(7).
0
Let t(v) = 205*v - 5127. Determine t(25).
-2
Let d(a) = -2*a**3 + 10*a**2 - 3*a - 37. Calculate d(7).
-254
Let o(i) = 10*i - 6. Give o(-5).
-56
Let q(x) = -1238*x - 51985. What is q(-42)?
11
Let o(k) = 2*k - 84. Calculate o(31).
-22
Let w(g) = -1369*g - 13670. What is w(-10)?
20
Let v(a) = -28*a**2 - 29*a - 4. What is v(-1)?
-3
Let i(c) = 4*c**2 + 76*c - 579. Calculate i(8).
285
Let z(c) = -c**2 + 33*c + 9. Give z(33).
9
Let u(g) = -g**3 - 22*g**2 - 59*g - 136. Calculate u(-18).
-370
Let z(r) = 254*r - 8116. Calculate z(32).
12
Let l(q) = 85*q - 243. Calculate l(5).
182